en 33060 is divided by 46.
32
What is the remainder when 116196 is divided by 305?
296
What is the remainder when 65090 is divided by 21660?
110
What is the remainder when 39295 is divided by 98?
95
Calculate the remainder when 241191 is divided by 292.
291
What is the remainder when 3979 is divided by 22?
19
What is the remainder when 519285 is divided by 12?
9
Calculate the remainder when 38991 is divided by 299.
121
Calculate the remainder when 7875 is divided by 518.
105
What is the remainder when 1000049 is divided by 35?
29
Calculate the remainder when 75842 is divided by 782.
770
Calculate the remainder when 13581 is divided by 682.
623
Calculate the remainder when 1385 is divided by 172.
9
What is the remainder when 1279785 is divided by 1154?
1153
What is the remainder when 938 is divided by 311?
5
What is the remainder when 8435 is divided by 3751?
933
What is the remainder when 2917046 is divided by 652?
650
What is the remainder when 7418 is divided by 53?
51
Calculate the remainder when 121099 is divided by 17299.
6
What is the remainder when 400841 is divided by 571?
570
Calculate the remainder when 485085 is divided by 7.
6
What is the remainder when 1934 is divided by 111?
47
What is the remainder when 7133 is divided by 1775?
33
What is the remainder when 3425 is divided by 653?
160
Calculate the remainder when 23074 is divided by 66.
40
What is the remainder when 220453 is divided by 71?
69
Calculate the remainder when 2701 is divided by 99.
28
What is the remainder when 13565 is divided by 39?
32
Calculate the remainder when 7595 is divided by 100.
95
Calculate the remainder when 4250 is divided by 4238.
12
What is the remainder when 2827 is divided by 457?
85
Calculate the remainder when 37500 is divided by 18739.
22
Calculate the remainder when 16214 is divided by 17.
13
What is the remainder when 68795 is divided by 10?
5
What is the remainder when 4141123 is divided by 45?
43
What is the remainder when 5321 is divided by 884?
17
What is the remainder when 6851 is divided by 2277?
20
Calculate the remainder when 3689 is divided by 219.
185
Calculate the remainder when 55778 is divided by 150.
128
Calculate the remainder when 121219 is divided by 145.
144
What is the remainder when 47900 is divided by 570?
20
Calculate the remainder when 291 is divided by 14.
11
Calculate the remainder when 20186 is divided by 143.
23
Calculate the remainder when 39877 is divided by 816.
709
Calculate the remainder when 10704 is divided by 192.
144
Calculate the remainder when 274765 is divided by 8863.
12
What is the remainder when 163306 is divided by 446?
70
What is the remainder when 58555 is divided by 241?
233
What is the remainder when 4900 is divided by 32?
4
Calculate the remainder when 16532 is divided by 16380.
152
Calculate the remainder when 13054 is divided by 373.
372
Calculate the remainder when 19371 is divided by 282.
195
What is the remainder when 46372 is divided by 468?
40
What is the remainder when 10965 is divided by 3632?
69
What is the remainder when 17395 is divided by 3462?
85
What is the remainder when 24144 is divided by 754?
16
What is the remainder when 77969 is divided by 237?
233
What is the remainder when 153989 is divided by 45?
44
Calculate the remainder when 73476 is divided by 367.
76
Calculate the remainder when 82802 is divided by 541.
29
What is the remainder when 1086 is divided by 9?
6
What is the remainder when 2190 is divided by 3?
0
What is the remainder when 482271 is divided by 32151?
6
Calculate the remainder when 797 is divided by 741.
56
What is the remainder when 29313 is divided by 14641?
31
Calculate the remainder when 36347 is divided by 303.
290
What is the remainder when 339322 is divided by 35?
32
What is the remainder when 11621 is divided by 23?
6
What is the remainder when 43747 is divided by 1988?
11
What is the remainder when 556683 is divided by 37109?
48
Calculate the remainder when 115310 is divided by 289.
288
Calculate the remainder when 1264 is divided by 313.
12
Calculate the remainder when 360223 is divided by 345.
43
What is the remainder when 7675 is divided by 25?
0
Calculate the remainder when 2050 is divided by 129.
115
Calculate the remainder when 14025 is divided by 2336.
9
What is the remainder when 4776 is divided by 191?
1
What is the remainder when 3270 is divided by 1585?
100
Calculate the remainder when 2228959 is divided by 30.
19
What is the remainder when 1438 is divided by 178?
14
Calculate the remainder when 43988 is divided by 265.
263
Calculate the remainder when 5504 is divided by 135.
104
What is the remainder when 4575243 is divided by 26?
23
Calculate the remainder when 649 is divided by 159.
13
Calculate the remainder when 137210 is divided by 18.
14
Calculate the remainder when 5186 is divided by 286.
38
What is the remainder when 58944 is divided by 46?
18
What is the remainder when 24094 is divided by 111?
7
Calculate the remainder when 6065 is divided by 1507.
37
What is the remainder when 67231 is divided by 9586?
129
Calculate the remainder when 102897 is divided by 810.
27
Calculate the remainder when 5862 is divided by 566.
202
Calculate the remainder when 8794 is divided by 124.
114
Calculate the remainder when 83805 is divided by 13956.
69
Calculate the remainder when 102971 is divided by 262.
5
What is the remainder when 1960 is divided by 1675?
285
What is the remainder when 39832 is divided by 46?
42
What is the remainder when 247 is divided by 75?
22
What is the remainder when 128153 is divided by 30?
23
Calculate the remainder when 80067 is divided by 26579.
330
What is the remainder when 82293 is divided by 11754?
15
Calculate the remainder when 42762 is divided by 7127.
0
What is the remainder when 452429 is divided by 495?
494
Calculate the remainder when 19619 is divided by 1400.
19
What is the remainder when 118814 is divided by 175?
164
What is the remainder when 1256 is divided by 249?
11
What is the remainder when 4511 is divided by 4484?
27
Calculate the remainder when 2152914 is divided by 1147.
1142
What is the remainder when 283320 is divided by 23606?
48
Calculate the remainder when 10239 is divided by 62.
9
Calculate the remainder when 8341 is divided by 63.
25
Calculate the remainder when 22945 is divided by 3757.
403
What is the remainder when 1811 is divided by 87?
71
What is the remainder when 1648 is divided by 409?
12
Calculate the remainder when 7849 is divided by 55.
39
Calculate the remainder when 72047 is divided by 199.
9
Calculate the remainder when 3382 is divided by 36.
34
What is the remainder when 8184 is divided by 8176?
8
Calculate the remainder when 195424 is divided by 1551.
1549
Calculate the remainder when 9383 is divided by 585.
23
What is the remainder when 19733 is divided by 93?
17
What is the remainder when 82554 is divided by 82550?
4
Calculate the remainder when 18783 is divided by 650.
583
What is the remainder when 26992 is divided by 8994?
10
Calculate the remainder when 46631 is divided by 1081.
148
Calculate the remainder when 2563 is divided by 793.
184
Calculate the remainder when 31505 is divided by 15751.
3
What is the remainder when 88349 is divided by 29?
15
What is the remainder when 80472 is divided by 228?
216
What is the remainder when 103895 is divided by 108?
107
Calculate the remainder when 23076 is divided by 436.
404
What is the remainder when 1452951 is divided by 626?
5
Calculate the remainder when 1375 is divided by 20.
15
Calculate the remainder when 143106 is divided by 14.
12
What is the remainder when 2449098 is divided by 5?
3
What is the remainder when 136070 is divided by 45355?
5
Calculate the remainder when 18227 is divided by 3643.
12
What is the remainder when 209088 is divided by 144?
0
What is the remainder when 107324 is divided by 45?
44
What is the remainder when 2280 is divided by 119?
19
What is the remainder when 4300 is divided by 913?
648
Calculate the remainder when 409499 is divided by 117.
116
Calculate the remainder when 810 is divided by 519.
291
Calculate the remainder when 2267 is divided by 2119.
148
What is the remainder when 631050 is divided by 7424?
10
What is the remainder when 86342 is divided by 28777?
11
Calculate the remain